{"id":5230,"date":"2025-03-05T19:33:28","date_gmt":"2025-03-05T19:33:28","guid":{"rendered":"https:\/\/evandrocassa.com.br\/?page_id=5230"},"modified":"2026-04-26T01:18:27","modified_gmt":"2026-04-26T01:18:27","slug":"sobre-3","status":"publish","type":"page","link":"https:\/\/evandrocassa.com.br\/?page_id=5230","title":{"rendered":"SOBRE"},"content":{"rendered":"<section class=\"l-section wpb_row height_auto imgsize_cover vc_row-fluid\"><div class=\"l-section-h g-html i-cf\"><div class=\"g-cols offset_small\"><div class=\" full-width\"><\/div><\/div><\/div><\/section><section class=\"l-section wpb_row height_medium imgsize_cover vc_row-fluid\"><div class=\"l-section-h g-html i-cf\"><div class=\"g-cols offset_small\"><div class=\" one-half\"><div class=\"w-image \"><img width=\"1075\" height=\"933\" src=\"https:\/\/evandrocassa.com.br\/wp-content\/uploads\/2026\/04\/fotopro1.jpg\" class=\"attachment-full size-full\" alt=\"\" loading=\"lazy\" srcset=\"https:\/\/evandrocassa.com.br\/wp-content\/uploads\/2026\/04\/fotopro1.jpg 1075w, https:\/\/evandrocassa.com.br\/wp-content\/uploads\/2026\/04\/fotopro1-300x260.jpg 300w, https:\/\/evandrocassa.com.br\/wp-content\/uploads\/2026\/04\/fotopro1-1024x889.jpg 1024w, https:\/\/evandrocassa.com.br\/wp-content\/uploads\/2026\/04\/fotopro1-768x667.jpg 768w, https:\/\/evandrocassa.com.br\/wp-content\/uploads\/2026\/04\/fotopro1-600x521.jpg 600w\" sizes=\"(max-width: 1075px) 100vw, 1075px\" \/><\/div><\/div><div class=\" one-half\"><div class=\"wpb_text_column \"><div class=\"wpb_wrapper\">\n<h3><strong>QUEM SOU EU?<\/strong><\/h3>\n<h5 class=\"ds-markdown-paragraph\">Sou\u00a0<strong>Evandro Cassa<\/strong>\u00a0\u2013 um incans\u00e1vel explorador do potencial humano e arquiteto de transforma\u00e7\u00f5es profundas. Minha vida \u00e9 dedicada a uma miss\u00e3o clara e poderosa:\u00a0<strong>libertar pessoas das limita\u00e7\u00f5es que as impedem de viver uma vida extraordin\u00e1ria<\/strong>.<\/h5>\n<h5 class=\"ds-markdown-paragraph\">Acredito, com toda a convic\u00e7\u00e3o, que\u00a0<strong>a mudan\u00e7a interna \u00e9 o alicerce de uma vida de sucesso<\/strong>. N\u00e3o h\u00e1 conquista duradoura, n\u00e3o h\u00e1 realiza\u00e7\u00e3o genu\u00edna, sem que antes ocorra uma revolu\u00e7\u00e3o dentro de si. E \u00e9 exatamente isso que fa\u00e7o:\u00a0<strong>forne\u00e7o as ferramentas mais poderosas do desenvolvimento pessoal<\/strong>\u00a0para que voc\u00ea n\u00e3o apenas sonhe alto, mas\u00a0<strong>transforme esses sonhos em realidade<\/strong>.<\/h5>\n<h5 class=\"ds-markdown-paragraph\">Sou especialista em\u00a0<strong>alta performance<\/strong>, mas meu trabalho vai al\u00e9m de t\u00e9cnicas e estrat\u00e9gias. \u00c9 sobre\u00a0<strong>despertar a for\u00e7a que j\u00e1 existe dentro de voc\u00ea<\/strong>\u00a0\u2013 aquela que, muitas vezes, est\u00e1 adormecida sob camadas de d\u00favidas, medos ou velhos h\u00e1bitos.<\/h5>\n<h5 class=\"ds-markdown-paragraph\">N\u00e3o me contento com mudan\u00e7as superficiais. Meu objetivo \u00e9\u00a0<strong>elevar sua vida a um novo patamar<\/strong>\u00a0\u2013 onde a excel\u00eancia se torna um h\u00e1bito, a confian\u00e7a \u00e9 inabal\u00e1vel e os resultados s\u00e3o\u00a0<strong>inevit\u00e1veis<\/strong>.<\/h5>\n<h3><strong>FORMA\u00c7\u00d5ES<\/strong><\/h3>\n<h5>&#8211; Hipnose Cl\u00ednica Avan\u00e7ada<br \/>\n&#8211; Programa\u00e7\u00e3o Neurolingu\u00edstica (PNL) Master<br \/>\n&#8211; Coaching Master<br \/>\n&#8211; Estudante de Psicologia.<\/h5>\n<h5><\/h5>\n<\/div> <\/div> <\/div><\/div><\/div><\/section>\n","protected":false},"excerpt":{"rendered":"QUEM SOU EU? Sou\u00a0Evandro Cassa\u00a0\u2013 um incans\u00e1vel explorador do potencial humano e arquiteto de transforma\u00e7\u00f5es profundas. Minha vida \u00e9 dedicada a uma miss\u00e3o clara e poderosa:\u00a0libertar pessoas das limita\u00e7\u00f5es que as impedem de viver uma vida extraordin\u00e1ria. Acredito, com toda a convic\u00e7\u00e3o, que\u00a0a mudan\u00e7a interna \u00e9 o alicerce de uma vida de sucesso. N\u00e3o h\u00e1...","protected":false},"author":1,"featured_media":0,"parent":0,"menu_order":0,"comment_status":"closed","ping_status":"closed","template":"","meta":[],"_links":{"self":[{"href":"https:\/\/evandrocassa.com.br\/index.php?rest_route=\/wp\/v2\/pages\/5230"}],"collection":[{"href":"https:\/\/evandrocassa.com.br\/index.php?rest_route=\/wp\/v2\/pages"}],"about":[{"href":"https:\/\/evandrocassa.com.br\/index.php?rest_route=\/wp\/v2\/types\/page"}],"author":[{"embeddable":true,"href":"https:\/\/evandrocassa.com.br\/index.php?rest_route=\/wp\/v2\/users\/1"}],"replies":[{"embeddable":true,"href":"https:\/\/evandrocassa.com.br\/index.php?rest_route=%2Fwp%2Fv2%2Fcomments&post=5230"}],"version-history":[{"count":10,"href":"https:\/\/evandrocassa.com.br\/index.php?rest_route=\/wp\/v2\/pages\/5230\/revisions"}],"predecessor-version":[{"id":5480,"href":"https:\/\/evandrocassa.com.br\/index.php?rest_route=\/wp\/v2\/pages\/5230\/revisions\/5480"}],"wp:attachment":[{"href":"https:\/\/evandrocassa.com.br\/index.php?rest_route=%2Fwp%2Fv2%2Fmedia&parent=5230"}],"curies":[{"name":"wp","href":"https:\/\/api.w.org\/{rel}","templated":true}]}}